{"id":5803,"date":"2020-04-15T21:03:02","date_gmt":"2020-04-15T19:03:02","guid":{"rendered":"https:\/\/audreyrochas.com\/missmad\/?page_id=5803"},"modified":"2020-04-16T13:19:42","modified_gmt":"2020-04-16T11:19:42","slug":"la-dictature-de-la-poussette","status":"publish","type":"page","link":"https:\/\/www.audreyrochas.com\/missmad\/la-dictature-de-la-poussette\/","title":{"rendered":"La dictature de la poussette"},"content":{"rendered":"<p>[et_pb_section fb_built=\u00a0\u00bb1&Prime; fullwidth=\u00a0\u00bbon\u00a0\u00bb _builder_version=\u00a0\u00bb3.21.4&Prime; bottom_divider_style=\u00a0\u00bbwaves2&Prime; bottom_divider_color=\u00a0\u00bb#ffffff\u00a0\u00bb][et_pb_fullwidth_header title=\u00a0\u00bbLa dictature de la poussette\u00a0\u00bb subhead=\u00a0\u00bbBouge de l\u00e0 !\u00a0\u00bb background_overlay_color=\u00a0\u00bbrgba(0,0,0,0.26)\u00a0\u00bb header_image_url=\u00a0\u00bbhttps:\/\/audreyrochas.com\/missmad\/wp-content\/uploads\/sites\/5\/2020\/04\/Pink-poussette.jpg\u00a0\u00bb _builder_version=\u00a0\u00bb3.21.4&Prime; title_level=\u00a0\u00bbh2&Prime; title_font=\u00a0\u00bb||||||||\u00a0\u00bb title_font_size=\u00a0\u00bb50px\u00a0\u00bb content_font=\u00a0\u00bb||||||||\u00a0\u00bb content_font_size=\u00a0\u00bb15px\u00a0\u00bb subhead_font=\u00a0\u00bbQuicksand||||||||\u00a0\u00bb subhead_font_size=\u00a0\u00bb25px\u00a0\u00bb use_background_color_gradient=\u00a0\u00bbon\u00a0\u00bb background_image=\u00a0\u00bbhttps:\/\/audreyrochas.com\/missmad\/wp-content\/uploads\/sites\/5\/2020\/04\/Pink-poussette.jpg\u00a0\u00bb child_mix_blend_mode=\u00a0\u00bbmultiply\u00a0\u00bb animation_style=\u00a0\u00bbfade\u00a0\u00bb]<\/p>\n<p>Poussette et carte vermeille : m\u00eame combat !<\/p>\n<p>[\/et_pb_fullwidth_header][\/et_pb_section][et_pb_section fb_built=\u00a0\u00bb1&Prime; _builder_version=\u00a0\u00bb3.21.4&Prime; background_size=\u00a0\u00bbinitial\u00a0\u00bb background_repeat=\u00a0\u00bbrepeat\u00a0\u00bb][et_pb_row _builder_version=\u00a0\u00bb3.21.4&Prime;][et_pb_column type=\u00a0\u00bb2_5&Prime; _builder_version=\u00a0\u00bb3.0.47&Prime;][et_pb_text _builder_version=\u00a0\u00bb3.21.4&Prime; header_font=\u00a0\u00bb||||||||\u00a0\u00bb header_2_font=\u00a0\u00bbArabella||||||||\u00a0\u00bb header_2_font_size=\u00a0\u00bb45px\u00a0\u00bb header_3_font=\u00a0\u00bbQuicksand||||||||\u00a0\u00bb]<\/p>\n<h2>Les gosses, c&rsquo;est comme les animaux : il faut les dresser !<\/h2>\n<p><strong>Les gosses, c&rsquo;est pas un passe-droit, la carte vermeille non plus. L&rsquo;\u00e9ducation n&rsquo;a pas d&rsquo;\u00e2ge et l&rsquo;\u00e2ge ne dispense pas d&rsquo;\u00e9ducation.<\/strong><\/p>\n<h3>Bonjour, au revoir, s&rsquo;il vous pla\u00eet, merci, pardon&#8230;<\/h3>\n<p>Parofois, je me demande s&rsquo;il n&rsquo;y a pas un moment pivot o\u00f9 l&rsquo;\u00e9ducation part en fum\u00e9e. Pour certains, c&rsquo;est la premi\u00e8re couche \u00e0 changer, pour d&rsquo;autres, c&rsquo;est le statut de s\u00e9nior&#8230;<\/p>\n<h3>Pourquoi cette rubrique ?<\/h3>\n<ol>\n<li>Parce que non, tous les enfants ne sont pas beaux et que j&rsquo;ai le droit de ne pas m&rsquo;extasier devant tout ce qui a moins de 15 ans<\/li>\n<li>Parce que je ne respecte que ceux qui me respectent aussi<\/li>\n<\/ol>\n<p>[\/et_pb_text][\/et_pb_column][et_pb_column type=\u00a0\u00bb3_5&Prime; _builder_version=\u00a0\u00bb3.0.47&Prime;][et_pb_post_slider posts_number=\u00a0\u00bb3&Prime; include_categories=\u00a0\u00bb249&Prime; more_text=\u00a0\u00bbLire plus&#8230;\u00a0\u00bb _builder_version=\u00a0\u00bb3.21.4&Prime; border_radii=\u00a0\u00bb|50px||50px|\u00a0\u00bb border_color_all=\u00a0\u00bbrgba(0,0,0,0)\u00a0\u00bb border_style_all=\u00a0\u00bbdouble\u00a0\u00bb border_width_top=\u00a0\u00bb7px\u00a0\u00bb box_shadow_style=\u00a0\u00bbpreset1&Prime;][\/et_pb_post_slider][\/et_pb_column][\/et_pb_row][et_pb_row _builder_version=\u00a0\u00bb3.21.4&Prime;][et_pb_column type=\u00a0\u00bb4_4&Prime; _builder_version=\u00a0\u00bb3.0.47&Prime;][et_pb_blog fullwidth=\u00a0\u00bboff\u00a0\u00bb posts_number=\u00a0\u00bb9999&Prime; include_categories=\u00a0\u00bb249&Prime; offset_number=\u00a0\u00bb3&Prime; _builder_version=\u00a0\u00bb3.21.4&Prime; header_font=\u00a0\u00bbQuicksand||||||||\u00a0\u00bb border_radii=\u00a0\u00bb|50px||50px|\u00a0\u00bb border_width_top=\u00a0\u00bb7px\u00a0\u00bb border_color_top=\u00a0\u00bb#F70070&Prime; box_shadow_style=\u00a0\u00bbpreset1&Prime;][\/et_pb_blog][\/et_pb_column][\/et_pb_row][\/et_pb_section]<\/p>\n","protected":false},"excerpt":{"rendered":"<p>Poussette et carte vermeille : m\u00eame combat ! Les gosses, c&rsquo;est comme les animaux : il faut les dresser ! Les gosses, c&rsquo;est pas un passe-droit, la carte vermeille non plus. L&rsquo;\u00e9ducation n&rsquo;a pas d&rsquo;\u00e2ge et l&rsquo;\u00e2ge ne dispense pas d&rsquo;\u00e9ducation. Bonjour, au revoir, s&rsquo;il vous pla\u00eet, merci, pardon&#8230; Parofois, je me demande s&rsquo;il n&rsquo;y [&hellip;]<\/p>\n","protected":false},"author":1,"featured_media":0,"parent":0,"menu_order":0,"comment_status":"closed","ping_status":"closed","template":"","meta":{"_et_pb_use_builder":"on","_et_pb_old_content":"","_et_gb_content_width":"","footnotes":""},"yoast_head":"<!-- This site is optimized with the Yoast SEO plugin v20.13 - https:\/\/yoast.com\/wordpress\/plugins\/seo\/ -->\n<title>La dictature de la poussette - Miss Mad<\/title>\n<meta name=\"robots\" content=\"index, follow, max-snippet:-1, max-image-preview:large, max-video-preview:-1\" \/>\n<link rel=\"canonical\" href=\"https:\/\/www.audreyrochas.com\/missmad\/la-dictature-de-la-poussette\/\" \/>\n<meta property=\"og:locale\" content=\"fr_FR\" \/>\n<meta property=\"og:type\" content=\"article\" \/>\n<meta property=\"og:title\" content=\"La dictature de la poussette - Miss Mad\" \/>\n<meta property=\"og:description\" content=\"Poussette et carte vermeille : m\u00eame combat ! Les gosses, c&#039;est comme les animaux : il faut les dresser ! Les gosses, c&#039;est pas un passe-droit, la carte vermeille non plus. L&#039;\u00e9ducation n&#039;a pas d&#039;\u00e2ge et l&#039;\u00e2ge ne dispense pas d&#039;\u00e9ducation. Bonjour, au revoir, s&#039;il vous pla\u00eet, merci, pardon... Parofois, je me demande s&#039;il n&#039;y [&hellip;]\" \/>\n<meta property=\"og:url\" content=\"https:\/\/www.audreyrochas.com\/missmad\/la-dictature-de-la-poussette\/\" \/>\n<meta property=\"og:site_name\" content=\"Miss Mad\" \/>\n<meta property=\"article:modified_time\" content=\"2020-04-16T11:19:42+00:00\" \/>\n<meta name=\"twitter:card\" content=\"summary_large_image\" \/>\n<meta name=\"twitter:label1\" content=\"Dur\u00e9e de lecture estim\u00e9e\" \/>\n\t<meta name=\"twitter:data1\" content=\"2 minutes\" \/>\n<script type=\"application\/ld+json\" class=\"yoast-schema-graph\">{\"@context\":\"https:\/\/schema.org\",\"@graph\":[{\"@type\":\"WebPage\",\"@id\":\"https:\/\/www.audreyrochas.com\/missmad\/la-dictature-de-la-poussette\/\",\"url\":\"https:\/\/www.audreyrochas.com\/missmad\/la-dictature-de-la-poussette\/\",\"name\":\"La dictature de la poussette - Miss Mad\",\"isPartOf\":{\"@id\":\"https:\/\/www.audreyrochas.com\/missmad\/#website\"},\"datePublished\":\"2020-04-15T19:03:02+00:00\",\"dateModified\":\"2020-04-16T11:19:42+00:00\",\"breadcrumb\":{\"@id\":\"https:\/\/www.audreyrochas.com\/missmad\/la-dictature-de-la-poussette\/#breadcrumb\"},\"inLanguage\":\"fr-FR\",\"potentialAction\":[{\"@type\":\"ReadAction\",\"target\":[\"https:\/\/www.audreyrochas.com\/missmad\/la-dictature-de-la-poussette\/\"]}]},{\"@type\":\"BreadcrumbList\",\"@id\":\"https:\/\/www.audreyrochas.com\/missmad\/la-dictature-de-la-poussette\/#breadcrumb\",\"itemListElement\":[{\"@type\":\"ListItem\",\"position\":1,\"name\":\"Accueil\",\"item\":\"https:\/\/www.audreyrochas.com\/missmad\/\"},{\"@type\":\"ListItem\",\"position\":2,\"name\":\"La dictature de la poussette\"}]},{\"@type\":\"WebSite\",\"@id\":\"https:\/\/www.audreyrochas.com\/missmad\/#website\",\"url\":\"https:\/\/www.audreyrochas.com\/missmad\/\",\"name\":\"Miss Mad\",\"description\":\"\",\"potentialAction\":[{\"@type\":\"SearchAction\",\"target\":{\"@type\":\"EntryPoint\",\"urlTemplate\":\"https:\/\/www.audreyrochas.com\/missmad\/?s={search_term_string}\"},\"query-input\":\"required name=search_term_string\"}],\"inLanguage\":\"fr-FR\"}]}<\/script>\n<!-- \/ Yoast SEO plugin. -->","yoast_head_json":{"title":"La dictature de la poussette - Miss Mad","robots":{"index":"index","follow":"follow","max-snippet":"max-snippet:-1","max-image-preview":"max-image-preview:large","max-video-preview":"max-video-preview:-1"},"canonical":"https:\/\/www.audreyrochas.com\/missmad\/la-dictature-de-la-poussette\/","og_locale":"fr_FR","og_type":"article","og_title":"La dictature de la poussette - Miss Mad","og_description":"Poussette et carte vermeille : m\u00eame combat ! Les gosses, c'est comme les animaux : il faut les dresser ! Les gosses, c'est pas un passe-droit, la carte vermeille non plus. L'\u00e9ducation n'a pas d'\u00e2ge et l'\u00e2ge ne dispense pas d'\u00e9ducation. Bonjour, au revoir, s'il vous pla\u00eet, merci, pardon... Parofois, je me demande s'il n'y [&hellip;]","og_url":"https:\/\/www.audreyrochas.com\/missmad\/la-dictature-de-la-poussette\/","og_site_name":"Miss Mad","article_modified_time":"2020-04-16T11:19:42+00:00","twitter_card":"summary_large_image","twitter_misc":{"Dur\u00e9e de lecture estim\u00e9e":"2 minutes"},"schema":{"@context":"https:\/\/schema.org","@graph":[{"@type":"WebPage","@id":"https:\/\/www.audreyrochas.com\/missmad\/la-dictature-de-la-poussette\/","url":"https:\/\/www.audreyrochas.com\/missmad\/la-dictature-de-la-poussette\/","name":"La dictature de la poussette - Miss Mad","isPartOf":{"@id":"https:\/\/www.audreyrochas.com\/missmad\/#website"},"datePublished":"2020-04-15T19:03:02+00:00","dateModified":"2020-04-16T11:19:42+00:00","breadcrumb":{"@id":"https:\/\/www.audreyrochas.com\/missmad\/la-dictature-de-la-poussette\/#breadcrumb"},"inLanguage":"fr-FR","potentialAction":[{"@type":"ReadAction","target":["https:\/\/www.audreyrochas.com\/missmad\/la-dictature-de-la-poussette\/"]}]},{"@type":"BreadcrumbList","@id":"https:\/\/www.audreyrochas.com\/missmad\/la-dictature-de-la-poussette\/#breadcrumb","itemListElement":[{"@type":"ListItem","position":1,"name":"Accueil","item":"https:\/\/www.audreyrochas.com\/missmad\/"},{"@type":"ListItem","position":2,"name":"La dictature de la poussette"}]},{"@type":"WebSite","@id":"https:\/\/www.audreyrochas.com\/missmad\/#website","url":"https:\/\/www.audreyrochas.com\/missmad\/","name":"Miss Mad","description":"","potentialAction":[{"@type":"SearchAction","target":{"@type":"EntryPoint","urlTemplate":"https:\/\/www.audreyrochas.com\/missmad\/?s={search_term_string}"},"query-input":"required name=search_term_string"}],"inLanguage":"fr-FR"}]}},"_links":{"self":[{"href":"https:\/\/www.audreyrochas.com\/missmad\/wp-json\/wp\/v2\/pages\/5803"}],"collection":[{"href":"https:\/\/www.audreyrochas.com\/missmad\/wp-json\/wp\/v2\/pages"}],"about":[{"href":"https:\/\/www.audreyrochas.com\/missmad\/wp-json\/wp\/v2\/types\/page"}],"author":[{"embeddable":true,"href":"https:\/\/www.audreyrochas.com\/missmad\/wp-json\/wp\/v2\/users\/1"}],"replies":[{"embeddable":true,"href":"https:\/\/www.audreyrochas.com\/missmad\/wp-json\/wp\/v2\/comments?post=5803"}],"version-history":[{"count":6,"href":"https:\/\/www.audreyrochas.com\/missmad\/wp-json\/wp\/v2\/pages\/5803\/revisions"}],"predecessor-version":[{"id":5829,"href":"https:\/\/www.audreyrochas.com\/missmad\/wp-json\/wp\/v2\/pages\/5803\/revisions\/5829"}],"wp:attachment":[{"href":"https:\/\/www.audreyrochas.com\/missmad\/wp-json\/wp\/v2\/media?parent=5803"}],"curies":[{"name":"wp","href":"https:\/\/api.w.org\/{rel}","templated":true}]}}