{"id":5773,"date":"2020-04-14T20:13:14","date_gmt":"2020-04-14T18:13:14","guid":{"rendered":"https:\/\/audreyrochas.com\/missmad\/?page_id=5773"},"modified":"2020-04-16T13:33:16","modified_gmt":"2020-04-16T11:33:16","slug":"ladyboss","status":"publish","type":"page","link":"https:\/\/www.audreyrochas.com\/missmad\/ladyboss\/","title":{"rendered":"#LadyBoss"},"content":{"rendered":"<p>[et_pb_section fb_built=\u00a0\u00bb1&Prime; fullwidth=\u00a0\u00bbon\u00a0\u00bb _builder_version=\u00a0\u00bb3.21.4&Prime; bottom_divider_style=\u00a0\u00bbwaves2&Prime; bottom_divider_color=\u00a0\u00bb#ffffff\u00a0\u00bb][et_pb_fullwidth_header title=\u00a0\u00bb#LadyBoss\u00a0\u00bb subhead=\u00a0\u00bbAct like a lady, think like a boss\u00a0\u00bb background_overlay_color=\u00a0\u00bbrgba(0,0,0,0.26)\u00a0\u00bb header_image_url=\u00a0\u00bbhttps:\/\/audreyrochas.com\/missmad\/wp-content\/uploads\/sites\/5\/2020\/04\/Reine-d\u00e9chec-light.png\u00a0\u00bb _builder_version=\u00a0\u00bb3.21.4&Prime; title_level=\u00a0\u00bbh2&Prime; title_font=\u00a0\u00bb||||||||\u00a0\u00bb title_font_size=\u00a0\u00bb50px\u00a0\u00bb content_font=\u00a0\u00bb||||||||\u00a0\u00bb content_font_size=\u00a0\u00bb15px\u00a0\u00bb subhead_font=\u00a0\u00bbQuicksand||||||||\u00a0\u00bb subhead_font_size=\u00a0\u00bb25px\u00a0\u00bb use_background_color_gradient=\u00a0\u00bbon\u00a0\u00bb background_image=\u00a0\u00bbhttps:\/\/audreyrochas.com\/missmad\/wp-content\/uploads\/sites\/5\/2020\/04\/Reine-d\u00e9chec-light.png\u00a0\u00bb child_mix_blend_mode=\u00a0\u00bbmultiply\u00a0\u00bb animation_style=\u00a0\u00bbfade\u00a0\u00bb]<\/p>\n<p>Vous la voyez, cette petit bo\u00eete ? Et bien c&rsquo;est la mienne ! Alors non, ce n&rsquo;est pas une licorne ; non, elle ne g\u00e9n\u00e8re pas des milliards ; mais elle a le m\u00e9rite d&rsquo;\u00eatre l\u00e0 depuis plusieurs ann\u00e9es&#8230;<\/p>\n<p>[\/et_pb_fullwidth_header][\/et_pb_section][et_pb_section fb_built=\u00a0\u00bb1&Prime; _builder_version=\u00a0\u00bb3.21.4&Prime; background_size=\u00a0\u00bbinitial\u00a0\u00bb background_repeat=\u00a0\u00bbrepeat\u00a0\u00bb][et_pb_row _builder_version=\u00a0\u00bb3.21.4&Prime;][et_pb_column type=\u00a0\u00bb2_5&Prime; _builder_version=\u00a0\u00bb3.21.4&Prime;][et_pb_text _builder_version=\u00a0\u00bb3.21.4&Prime; header_font=\u00a0\u00bb||||||||\u00a0\u00bb header_2_font=\u00a0\u00bbArabella||||||||\u00a0\u00bb header_2_font_size=\u00a0\u00bb45px\u00a0\u00bb header_3_font=\u00a0\u00bbQuicksand||||||||\u00a0\u00bb]<\/p>\n<h2>Une jupe, des talons et une \u00e9quipe !<\/h2>\n<p><strong>Vous connaissez l&rsquo;histoire du mec \u00e0 qui on demande o\u00f9 est son associ\u00e9e (la femme qui g\u00e8re) ? Non ? Moi non plus, mais on m&rsquo;a d\u00e9j\u00e0 demand\u00e9 o\u00f9 \u00e9tait mon associ\u00e9 (entendre : l&rsquo;homme de la situation)&#8230;<\/strong><\/p>\n<h3>\u00ab\u00a0I&rsquo;m CEO, bitch!\u00a0\u00bb<\/h3>\n<p>Il y en a qui r\u00eavent d&rsquo;\u00eatre mannequin, moi je suis pr\u00e9sidente. Alors non, ce n&rsquo;est pas rose tous les jours ; oui, il y a sexisme et du machisme, mais&#8230; Quel pied de pouvoir dire que, si j&rsquo;ai eu 1000 vies, je suis entrepreneure.<\/p>\n<h3>Ce que vous trouverez ici<\/h3>\n<ol>\n<li>Des articles sur ma vie d&rsquo;entrepreneur au f\u00e9minin<\/li>\n<li>Des billets d&rsquo;humeur sur le manque de parit\u00e9 dans mon domaine (et les autres)<\/li>\n<li>Des\u00a0 id\u00e9es, commentaires et billets d&rsquo;humeur sur le monde merveilleux des startups<\/li>\n<\/ol>\n<p>[\/et_pb_text][\/et_pb_column][et_pb_column type=\u00a0\u00bb3_5&Prime; _builder_version=\u00a0\u00bb3.21.4&Prime;][et_pb_post_slider posts_number=\u00a0\u00bb3&Prime; include_categories=\u00a0\u00bb14&Prime; more_text=\u00a0\u00bbLire plus&#8230;\u00a0\u00bb _builder_version=\u00a0\u00bb3.21.4&Prime; border_radii=\u00a0\u00bb|50px||50px|\u00a0\u00bb border_color_all=\u00a0\u00bbrgba(0,0,0,0)\u00a0\u00bb border_style_all=\u00a0\u00bbdouble\u00a0\u00bb border_width_top=\u00a0\u00bb7px\u00a0\u00bb box_shadow_style=\u00a0\u00bbpreset1&Prime;][\/et_pb_post_slider][\/et_pb_column][\/et_pb_row][et_pb_row _builder_version=\u00a0\u00bb3.21.4&Prime;][et_pb_column type=\u00a0\u00bb4_4&Prime; _builder_version=\u00a0\u00bb3.21.4&Prime;][et_pb_blog fullwidth=\u00a0\u00bboff\u00a0\u00bb posts_number=\u00a0\u00bb9999&Prime; include_categories=\u00a0\u00bb14&Prime; offset_number=\u00a0\u00bb3&Prime; _builder_version=\u00a0\u00bb3.21.4&Prime; header_font=\u00a0\u00bbQuicksand||||||||\u00a0\u00bb border_radii=\u00a0\u00bb|50px||50px|\u00a0\u00bb border_width_top=\u00a0\u00bb7px\u00a0\u00bb border_color_top=\u00a0\u00bb#F70070&Prime; box_shadow_style=\u00a0\u00bbpreset1&Prime;][\/et_pb_blog][\/et_pb_column][\/et_pb_row][\/et_pb_section]<\/p>\n","protected":false},"excerpt":{"rendered":"<p>Vous la voyez, cette petit bo\u00eete ? Et bien c&rsquo;est la mienne ! Alors non, ce n&rsquo;est pas une licorne ; non, elle ne g\u00e9n\u00e8re pas des milliards ; mais elle a le m\u00e9rite d&rsquo;\u00eatre l\u00e0 depuis plusieurs ann\u00e9es&#8230; Une jupe, des talons et une \u00e9quipe ! Vous connaissez l&rsquo;histoire du mec \u00e0 qui on [&hellip;]<\/p>\n","protected":false},"author":1,"featured_media":0,"parent":0,"menu_order":0,"comment_status":"closed","ping_status":"closed","template":"","meta":{"_et_pb_use_builder":"on","_et_pb_old_content":"","_et_gb_content_width":"","footnotes":""},"yoast_head":"<!-- This site is optimized with the Yoast SEO plugin v20.13 - https:\/\/yoast.com\/wordpress\/plugins\/seo\/ -->\n<title>#LadyBoss - Miss Mad<\/title>\n<meta name=\"robots\" content=\"index, follow, max-snippet:-1, max-image-preview:large, max-video-preview:-1\" \/>\n<link rel=\"canonical\" href=\"https:\/\/www.audreyrochas.com\/missmad\/ladyboss\/\" \/>\n<meta property=\"og:locale\" content=\"fr_FR\" \/>\n<meta property=\"og:type\" content=\"article\" \/>\n<meta property=\"og:title\" content=\"#LadyBoss - Miss Mad\" \/>\n<meta property=\"og:description\" content=\"Vous la voyez, cette petit bo\u00eete ? Et bien c&#039;est la mienne ! Alors non, ce n&#039;est pas une licorne ; non, elle ne g\u00e9n\u00e8re pas des milliards ; mais elle a le m\u00e9rite d&#039;\u00eatre l\u00e0 depuis plusieurs ann\u00e9es... Une jupe, des talons et une \u00e9quipe ! Vous connaissez l&#039;histoire du mec \u00e0 qui on [&hellip;]\" \/>\n<meta property=\"og:url\" content=\"https:\/\/www.audreyrochas.com\/missmad\/ladyboss\/\" \/>\n<meta property=\"og:site_name\" content=\"Miss Mad\" \/>\n<meta property=\"article:modified_time\" content=\"2020-04-16T11:33:16+00:00\" \/>\n<meta name=\"twitter:card\" content=\"summary_large_image\" \/>\n<meta name=\"twitter:label1\" content=\"Dur\u00e9e de lecture estim\u00e9e\" \/>\n\t<meta name=\"twitter:data1\" content=\"2 minutes\" \/>\n<script type=\"application\/ld+json\" class=\"yoast-schema-graph\">{\"@context\":\"https:\/\/schema.org\",\"@graph\":[{\"@type\":\"WebPage\",\"@id\":\"https:\/\/www.audreyrochas.com\/missmad\/ladyboss\/\",\"url\":\"https:\/\/www.audreyrochas.com\/missmad\/ladyboss\/\",\"name\":\"#LadyBoss - Miss Mad\",\"isPartOf\":{\"@id\":\"https:\/\/www.audreyrochas.com\/missmad\/#website\"},\"datePublished\":\"2020-04-14T18:13:14+00:00\",\"dateModified\":\"2020-04-16T11:33:16+00:00\",\"breadcrumb\":{\"@id\":\"https:\/\/www.audreyrochas.com\/missmad\/ladyboss\/#breadcrumb\"},\"inLanguage\":\"fr-FR\",\"potentialAction\":[{\"@type\":\"ReadAction\",\"target\":[\"https:\/\/www.audreyrochas.com\/missmad\/ladyboss\/\"]}]},{\"@type\":\"BreadcrumbList\",\"@id\":\"https:\/\/www.audreyrochas.com\/missmad\/ladyboss\/#breadcrumb\",\"itemListElement\":[{\"@type\":\"ListItem\",\"position\":1,\"name\":\"Accueil\",\"item\":\"https:\/\/www.audreyrochas.com\/missmad\/\"},{\"@type\":\"ListItem\",\"position\":2,\"name\":\"#LadyBoss\"}]},{\"@type\":\"WebSite\",\"@id\":\"https:\/\/www.audreyrochas.com\/missmad\/#website\",\"url\":\"https:\/\/www.audreyrochas.com\/missmad\/\",\"name\":\"Miss Mad\",\"description\":\"\",\"potentialAction\":[{\"@type\":\"SearchAction\",\"target\":{\"@type\":\"EntryPoint\",\"urlTemplate\":\"https:\/\/www.audreyrochas.com\/missmad\/?s={search_term_string}\"},\"query-input\":\"required name=search_term_string\"}],\"inLanguage\":\"fr-FR\"}]}<\/script>\n<!-- \/ Yoast SEO plugin. -->","yoast_head_json":{"title":"#LadyBoss - Miss Mad","robots":{"index":"index","follow":"follow","max-snippet":"max-snippet:-1","max-image-preview":"max-image-preview:large","max-video-preview":"max-video-preview:-1"},"canonical":"https:\/\/www.audreyrochas.com\/missmad\/ladyboss\/","og_locale":"fr_FR","og_type":"article","og_title":"#LadyBoss - Miss Mad","og_description":"Vous la voyez, cette petit bo\u00eete ? Et bien c'est la mienne ! Alors non, ce n'est pas une licorne ; non, elle ne g\u00e9n\u00e8re pas des milliards ; mais elle a le m\u00e9rite d'\u00eatre l\u00e0 depuis plusieurs ann\u00e9es... Une jupe, des talons et une \u00e9quipe ! Vous connaissez l'histoire du mec \u00e0 qui on [&hellip;]","og_url":"https:\/\/www.audreyrochas.com\/missmad\/ladyboss\/","og_site_name":"Miss Mad","article_modified_time":"2020-04-16T11:33:16+00:00","twitter_card":"summary_large_image","twitter_misc":{"Dur\u00e9e de lecture estim\u00e9e":"2 minutes"},"schema":{"@context":"https:\/\/schema.org","@graph":[{"@type":"WebPage","@id":"https:\/\/www.audreyrochas.com\/missmad\/ladyboss\/","url":"https:\/\/www.audreyrochas.com\/missmad\/ladyboss\/","name":"#LadyBoss - Miss Mad","isPartOf":{"@id":"https:\/\/www.audreyrochas.com\/missmad\/#website"},"datePublished":"2020-04-14T18:13:14+00:00","dateModified":"2020-04-16T11:33:16+00:00","breadcrumb":{"@id":"https:\/\/www.audreyrochas.com\/missmad\/ladyboss\/#breadcrumb"},"inLanguage":"fr-FR","potentialAction":[{"@type":"ReadAction","target":["https:\/\/www.audreyrochas.com\/missmad\/ladyboss\/"]}]},{"@type":"BreadcrumbList","@id":"https:\/\/www.audreyrochas.com\/missmad\/ladyboss\/#breadcrumb","itemListElement":[{"@type":"ListItem","position":1,"name":"Accueil","item":"https:\/\/www.audreyrochas.com\/missmad\/"},{"@type":"ListItem","position":2,"name":"#LadyBoss"}]},{"@type":"WebSite","@id":"https:\/\/www.audreyrochas.com\/missmad\/#website","url":"https:\/\/www.audreyrochas.com\/missmad\/","name":"Miss Mad","description":"","potentialAction":[{"@type":"SearchAction","target":{"@type":"EntryPoint","urlTemplate":"https:\/\/www.audreyrochas.com\/missmad\/?s={search_term_string}"},"query-input":"required name=search_term_string"}],"inLanguage":"fr-FR"}]}},"_links":{"self":[{"href":"https:\/\/www.audreyrochas.com\/missmad\/wp-json\/wp\/v2\/pages\/5773"}],"collection":[{"href":"https:\/\/www.audreyrochas.com\/missmad\/wp-json\/wp\/v2\/pages"}],"about":[{"href":"https:\/\/www.audreyrochas.com\/missmad\/wp-json\/wp\/v2\/types\/page"}],"author":[{"embeddable":true,"href":"https:\/\/www.audreyrochas.com\/missmad\/wp-json\/wp\/v2\/users\/1"}],"replies":[{"embeddable":true,"href":"https:\/\/www.audreyrochas.com\/missmad\/wp-json\/wp\/v2\/comments?post=5773"}],"version-history":[{"count":5,"href":"https:\/\/www.audreyrochas.com\/missmad\/wp-json\/wp\/v2\/pages\/5773\/revisions"}],"predecessor-version":[{"id":5836,"href":"https:\/\/www.audreyrochas.com\/missmad\/wp-json\/wp\/v2\/pages\/5773\/revisions\/5836"}],"wp:attachment":[{"href":"https:\/\/www.audreyrochas.com\/missmad\/wp-json\/wp\/v2\/media?parent=5773"}],"curies":[{"name":"wp","href":"https:\/\/api.w.org\/{rel}","templated":true}]}}