{"id":4255,"date":"2013-05-24T02:07:27","date_gmt":"2013-05-24T01:07:27","guid":{"rendered":"http:\/\/www.missmad.fr\/?page_id=4255"},"modified":"2020-04-14T15:19:06","modified_gmt":"2020-04-14T13:19:06","slug":"qui-suis-je","status":"publish","type":"page","link":"https:\/\/www.audreyrochas.com\/missmad\/qui-suis-je\/","title":{"rendered":"..?"},"content":{"rendered":"<p>[et_pb_section fb_built=\u00a0\u00bb1&Prime; admin_label=\u00a0\u00bbsection\u00a0\u00bb _builder_version=\u00a0\u00bb3.21.4&Prime; background_image=\u00a0\u00bbhttps:\/\/audreyrochas.com\/missmad\/wp-content\/uploads\/sites\/5\/2020\/04\/Background-ovale.png\u00a0\u00bb][et_pb_row admin_label=\u00a0\u00bbrow\u00a0\u00bb _builder_version=\u00a0\u00bb3.0.48&Prime; background_size=\u00a0\u00bbinitial\u00a0\u00bb background_position=\u00a0\u00bbtop_left\u00a0\u00bb background_repeat=\u00a0\u00bbrepeat\u00a0\u00bb][et_pb_column type=\u00a0\u00bb1_3&Prime; _builder_version=\u00a0\u00bb3.0.47&Prime;][et_pb_text admin_label=\u00a0\u00bbText\u00a0\u00bb _builder_version=\u00a0\u00bb3.21.4&Prime; text_font=\u00a0\u00bb||||||||\u00a0\u00bb header_font=\u00a0\u00bb||||||||\u00a0\u00bb header_2_font=\u00a0\u00bbArabella||||||||\u00a0\u00bb header_2_font_size=\u00a0\u00bb45px\u00a0\u00bb header_3_font=\u00a0\u00bbQuicksand||||||||\u00a0\u00bb background_size=\u00a0\u00bbinitial\u00a0\u00bb background_position=\u00a0\u00bbtop_left\u00a0\u00bb background_repeat=\u00a0\u00bbrepeat\u00a0\u00bb]<\/p>\n<h2><span class=\"text_linkcolor\">Cher(e) lecteur\/lectrice,<\/span><\/h2>\n<h3>Bienvenue chez moi !<\/h3>\n<p>Tu viens d&rsquo;atterrir ici et tu te demandes vaguement pourquoi, comment, par quel miracle (mes chevilles vont bien , merci) tu as d\u00e9couvert ce blog. Parce que oui, \u00e0 l&rsquo;heure o\u00f9 on fait des stories sur Snap et Insta, moi j&rsquo;\u00e9cris, et que malgr\u00e9 mon abhorration du mot \u00ab\u00a0blog\u00a0\u00bb, il faut bien avouer qu&rsquo;on n&rsquo;en a pas invent\u00e9 d&rsquo;autre pour cet exercice&#8230;<\/p>\n<p>&nbsp;<\/p>\n<p>[\/et_pb_text][et_pb_image src=\u00a0\u00bbhttps:\/\/audreyrochas.com\/missmad\/wp-content\/uploads\/sites\/5\/2020\/04\/Mistress-of-Digital.png\u00a0\u00bb _builder_version=\u00a0\u00bb3.21.4&Prime; border_radii=\u00a0\u00bb|50px||50px|\u00a0\u00bb border_width_all=\u00a0\u00bb5px\u00a0\u00bb border_style_all=\u00a0\u00bbdouble\u00a0\u00bb border_color_all=\u00a0\u00bb#f70077&Prime; box_shadow_style=\u00a0\u00bbpreset1&Prime; custom_padding=\u00a0\u00bb0px||0px\u00a0\u00bb custom_margin=\u00a0\u00bb0px||\u00a0\u00bb][\/et_pb_image][\/et_pb_column][et_pb_column type=\u00a0\u00bb1_3&Prime; _builder_version=\u00a0\u00bb3.0.47&Prime;][et_pb_text admin_label=\u00a0\u00bbText\u00a0\u00bb _builder_version=\u00a0\u00bb3.21.4&Prime; text_font=\u00a0\u00bb||||||||\u00a0\u00bb header_font=\u00a0\u00bb||||||||\u00a0\u00bb header_2_font=\u00a0\u00bbArabella||||||||\u00a0\u00bb header_2_font_size=\u00a0\u00bb45px\u00a0\u00bb header_3_font=\u00a0\u00bbQuicksand||||||||\u00a0\u00bb background_size=\u00a0\u00bbinitial\u00a0\u00bb background_position=\u00a0\u00bbtop_left\u00a0\u00bb background_repeat=\u00a0\u00bbrepeat\u00a0\u00bb]<\/p>\n<p>ff015A\u00a0<span style=\"color: #f70077; font-size: 20px;\">Pleased to meet you (r\u00e9f\u00e9rence, r\u00e9f\u00e9rence&#8230;)<\/span><\/p>\n<p>Laisse-moi t&rsquo;expliquer : tu as tap\u00e9 le bon mot-cl\u00e9 dans Google (non, pas celui qui t&#8217;emm\u00e8ne aussi sur des vid\u00e9os que ta m\u00e8re ne regarderait pas avec toi &#8211; ou alors tu n&rsquo;as pas la m\u00eame relation avec ta m\u00e8re que moi avec la mienne) et&#8230; ta-daaaah !!! Et l\u00e0 tu te demandes qui est cette <strong>Miss Mad<\/strong>, un nom qui pourrait aussi bien \u00eatre attribu\u00e9 \u00e0 une serial killeuse qu&rsquo;\u00e0 une strip-teaseuse.<\/p>\n<p><strong>Miss Mad<\/strong>, c&rsquo;est un peu mon double virtuel peu port\u00e9 sur le politiquement correct, dot\u00e9 d&rsquo;une vision parfaitement subjective et discutable sur ce qui l&rsquo;entoure. Moi, je suis une ancienne fashion worker, pass\u00e9e par la presse et le luxe, aujourd&rsquo;hui dans le digital (because c&rsquo;est l&rsquo;avenir &#8211; sic !), demain cosmonaute (\u00e7a tombe bien, la t\u00eate dans les \u00e9toiles c&rsquo;est un bon d\u00e9but, non..?) et apr\u00e8s&#8230;<\/p>\n<p>Ce blog, apr\u00e8s avoir \u00e9t\u00e9 une \u00e9volution du blog <a title=\"Absolute Trendsetter\" href=\"http:\/\/absolute-trendsetter.over-blog.com\" target=\"_blank\" rel=\"noopener noreferrer\">Absolute Trendsetter<\/a>, prend une nouvelle forme (encore). Nouveau design, nouvelle ligne \u00e9ditoriale (re) et c&rsquo;est reparti pour un tour !<\/p>\n<p>&nbsp;<\/p>\n<p>&nbsp;<\/p>\n<p>[\/et_pb_text][\/et_pb_column][et_pb_column type=\u00a0\u00bb1_3&Prime; _builder_version=\u00a0\u00bb3.0.47&Prime;][et_pb_text _builder_version=\u00a0\u00bb3.21.4&Prime; header_font=\u00a0\u00bb||||||||\u00a0\u00bb header_3_font=\u00a0\u00bbQuicksand||||||||\u00a0\u00bb]<\/p>\n<h3>De Miss Mad \u00e0 #LadyBoss<\/h3>\n<p>Miss Mad a grandi, elle est devenue une #LadyBoss. Mais c&rsquo;est quoi une Lady Boss ? Au quotidien, c&rsquo;est une fille comme les autres ou une geek riv\u00e9e sur son \u00e9cran ? Un peu des deux, mon Capitaine ! Il suffit de lire suivre ses aventures (pas loin, juste ici) pour voir que la Lady Boss jongle entre sa super start up qui lui prend un temps fou et une \u00e9nergie dingue, son loverboy dont elle vit les hauts (yeah!!!) et les bas (bouhouhou !), les copines cas\u00e9es qui parlent couches-culottes et naus\u00e9es du matin, les c\u00e9lib qui pourraient en profiter mais&#8230; en fait non, la famille qui a parfois du mal \u00e0 suivre et tous les non-significant ones avec lesquels il faut composer&#8230;<\/p>\n<p>Je pr\u00e9cise (c&rsquo;est uuuuuultra-important), qu&rsquo;ici c&rsquo;est un peu comme \u00e0 la maison, donc je dis les choses comme je les pense. A ne pas confondre avec ma vie pro dans laquelle je tourne sept fois ma langue dans ma bouche avant de dire une \u00e9normit\u00e9&#8230; Un peu d&rsquo;indulgence STP (et de second degr\u00e9, \u00e7a ne fait jamais de mal).<\/p>\n<p>[\/et_pb_text][\/et_pb_column][\/et_pb_row][\/et_pb_section]<\/p>\n","protected":false},"excerpt":{"rendered":"<p>Cher(e) lecteur\/lectrice, Bienvenue chez moi ! Tu viens d&rsquo;atterrir ici et tu te demandes vaguement pourquoi, comment, par quel miracle (mes chevilles vont bien , merci) tu as d\u00e9couvert ce blog. Parce que oui, \u00e0 l&rsquo;heure o\u00f9 on fait des stories sur Snap et Insta, moi j&rsquo;\u00e9cris, et que malgr\u00e9 mon abhorration du mot \u00ab\u00a0blog\u00a0\u00bb, [&hellip;]<\/p>\n","protected":false},"author":1,"featured_media":0,"parent":0,"menu_order":0,"comment_status":"open","ping_status":"open","template":"","meta":{"_et_pb_use_builder":"on","_et_pb_old_content":"<span class=\"text_linkcolor\">Cher lecteur\/lectrice,<\/span>\n\nBienvenue chez moi ! Tu viens d'atterrir ici et tu te demandes vaguement pourquoi, comment, par quel miracle (mes chevilles vont bien , merci) tu as d\u00e9couvert ce blog. Laisse-moi t'expliquer : tu as tap\u00e9 le bon mot-cl\u00e9 dans Google (non, pas celui qui t'emm\u00e8ne aussi sur des vid\u00e9os que ta m\u00e8re ne regarderait pas avec toi - ou alors tu n'as pas la m\u00eame relation avec ta m\u00e8re que moi avec la mienne) et... ta-daaaah !!! Et l\u00e0 tu te demandes qui est cette Miss Mad, un nom qui pourrait aussi bien \u00eatre attribu\u00e9 \u00e0 une serial killeuse qu'\u00e0 une strip-teaseuse.\n\nMiss Mad, c'est un peu mon double virtuel peu port\u00e9 sur le politiquement correct, dot\u00e9 d'une vision parfaitement subjective et discutable sur ce qui l'entoure. Moi, je suis une ancienne fashion worker, pass\u00e9e par la presse et le luxe, aujourd'hui dans le web (because c'est l'avenir - sic !), demain cosmonaute (\u00e7a tombe bien, la t\u00eate dans les \u00e9toiles c'est un bon d\u00e9but, non..?) et apr\u00e8s...\n\nCe blog, apr\u00e8s avoir \u00e9t\u00e9 une \u00e9volution du blog <a title=\"Absolute Trendsetter\" href=\"http:\/\/absolute-trendsetter.over-blog.com\" target=\"_blank\">Absolute Trendsetter<\/a>, prend une nouvelle forme (encore). Nouveau design, nouvelle ligne \u00e9ditoriale (re) et c'est reparti pour un tour !\n\nMiss Mad a grandi, elle est devenue une #GirlBoss. Mais c'est quoi une Girl Boss ? Au quotidien, c'est une fille comme les autres ou une geek riv\u00e9e sur son \u00e9cran ? Un peu des deux, mon Capitaine ! Il suffit de lire suivre ses aventures (pas loin, juste ici) pour voir que la Girl Boss jongle entre sa super start up qui lui prend un temps fou et une \u00e9nergie dingue, son loverboy dont elle vite les hauts (yeah!!!) et les bas (bouhouhou !), les copines cas\u00e9es qui parlent couches-culotte et naus\u00e9es du matin, les c\u00e9lib qui pourraient en profiter mais... en fait non, la famille qui a parfois du mal \u00e0 suivre et tous les non-significant ones avec lesquels il faut composer...\n\nJe pr\u00e9cise (c'est uuuuuultra-important), qu'ici c'est un peu comme \u00e0 la maison, donc je dis les choses comme je les pense. A ne pas confondre avec ma vie pro dans laquelle je tourne sept fois la langue dans ma bouche avant de dire une \u00e9normit\u00e9... Un peu d'indulgence STP (et de second degr\u00e9, \u00e7a ne fait jamais de mal).\n\n&nbsp;","_et_gb_content_width":"","footnotes":""},"yoast_head":"<!-- This site is optimized with the Yoast SEO plugin v20.13 - https:\/\/yoast.com\/wordpress\/plugins\/seo\/ -->\n<title>..? - Miss Mad<\/title>\n<meta name=\"robots\" content=\"index, follow, max-snippet:-1, max-image-preview:large, max-video-preview:-1\" \/>\n<link rel=\"canonical\" href=\"https:\/\/www.audreyrochas.com\/missmad\/qui-suis-je\/\" \/>\n<meta property=\"og:locale\" content=\"fr_FR\" \/>\n<meta property=\"og:type\" content=\"article\" \/>\n<meta property=\"og:title\" content=\"..? - Miss Mad\" \/>\n<meta property=\"og:description\" content=\"Cher(e) lecteur\/lectrice, Bienvenue chez moi ! Tu viens d&#039;atterrir ici et tu te demandes vaguement pourquoi, comment, par quel miracle (mes chevilles vont bien , merci) tu as d\u00e9couvert ce blog. Parce que oui, \u00e0 l&#039;heure o\u00f9 on fait des stories sur Snap et Insta, moi j&#039;\u00e9cris, et que malgr\u00e9 mon abhorration du mot &quot;blog&quot;, [&hellip;]\" \/>\n<meta property=\"og:url\" content=\"https:\/\/www.audreyrochas.com\/missmad\/qui-suis-je\/\" \/>\n<meta property=\"og:site_name\" content=\"Miss Mad\" \/>\n<meta property=\"article:modified_time\" content=\"2020-04-14T13:19:06+00:00\" \/>\n<meta name=\"twitter:card\" content=\"summary_large_image\" \/>\n<meta name=\"twitter:label1\" content=\"Dur\u00e9e de lecture estim\u00e9e\" \/>\n\t<meta name=\"twitter:data1\" content=\"3 minutes\" \/>\n<script type=\"application\/ld+json\" class=\"yoast-schema-graph\">{\"@context\":\"https:\/\/schema.org\",\"@graph\":[{\"@type\":\"WebPage\",\"@id\":\"https:\/\/www.audreyrochas.com\/missmad\/qui-suis-je\/\",\"url\":\"https:\/\/www.audreyrochas.com\/missmad\/qui-suis-je\/\",\"name\":\"..? - Miss Mad\",\"isPartOf\":{\"@id\":\"https:\/\/www.audreyrochas.com\/missmad\/#website\"},\"datePublished\":\"2013-05-24T01:07:27+00:00\",\"dateModified\":\"2020-04-14T13:19:06+00:00\",\"breadcrumb\":{\"@id\":\"https:\/\/www.audreyrochas.com\/missmad\/qui-suis-je\/#breadcrumb\"},\"inLanguage\":\"fr-FR\",\"potentialAction\":[{\"@type\":\"ReadAction\",\"target\":[\"https:\/\/www.audreyrochas.com\/missmad\/qui-suis-je\/\"]}]},{\"@type\":\"BreadcrumbList\",\"@id\":\"https:\/\/www.audreyrochas.com\/missmad\/qui-suis-je\/#breadcrumb\",\"itemListElement\":[{\"@type\":\"ListItem\",\"position\":1,\"name\":\"Accueil\",\"item\":\"https:\/\/www.audreyrochas.com\/missmad\/\"},{\"@type\":\"ListItem\",\"position\":2,\"name\":\"..?\"}]},{\"@type\":\"WebSite\",\"@id\":\"https:\/\/www.audreyrochas.com\/missmad\/#website\",\"url\":\"https:\/\/www.audreyrochas.com\/missmad\/\",\"name\":\"Miss Mad\",\"description\":\"\",\"potentialAction\":[{\"@type\":\"SearchAction\",\"target\":{\"@type\":\"EntryPoint\",\"urlTemplate\":\"https:\/\/www.audreyrochas.com\/missmad\/?s={search_term_string}\"},\"query-input\":\"required name=search_term_string\"}],\"inLanguage\":\"fr-FR\"}]}<\/script>\n<!-- \/ Yoast SEO plugin. -->","yoast_head_json":{"title":"..? - Miss Mad","robots":{"index":"index","follow":"follow","max-snippet":"max-snippet:-1","max-image-preview":"max-image-preview:large","max-video-preview":"max-video-preview:-1"},"canonical":"https:\/\/www.audreyrochas.com\/missmad\/qui-suis-je\/","og_locale":"fr_FR","og_type":"article","og_title":"..? - Miss Mad","og_description":"Cher(e) lecteur\/lectrice, Bienvenue chez moi ! Tu viens d'atterrir ici et tu te demandes vaguement pourquoi, comment, par quel miracle (mes chevilles vont bien , merci) tu as d\u00e9couvert ce blog. Parce que oui, \u00e0 l'heure o\u00f9 on fait des stories sur Snap et Insta, moi j'\u00e9cris, et que malgr\u00e9 mon abhorration du mot \"blog\", [&hellip;]","og_url":"https:\/\/www.audreyrochas.com\/missmad\/qui-suis-je\/","og_site_name":"Miss Mad","article_modified_time":"2020-04-14T13:19:06+00:00","twitter_card":"summary_large_image","twitter_misc":{"Dur\u00e9e de lecture estim\u00e9e":"3 minutes"},"schema":{"@context":"https:\/\/schema.org","@graph":[{"@type":"WebPage","@id":"https:\/\/www.audreyrochas.com\/missmad\/qui-suis-je\/","url":"https:\/\/www.audreyrochas.com\/missmad\/qui-suis-je\/","name":"..? - Miss Mad","isPartOf":{"@id":"https:\/\/www.audreyrochas.com\/missmad\/#website"},"datePublished":"2013-05-24T01:07:27+00:00","dateModified":"2020-04-14T13:19:06+00:00","breadcrumb":{"@id":"https:\/\/www.audreyrochas.com\/missmad\/qui-suis-je\/#breadcrumb"},"inLanguage":"fr-FR","potentialAction":[{"@type":"ReadAction","target":["https:\/\/www.audreyrochas.com\/missmad\/qui-suis-je\/"]}]},{"@type":"BreadcrumbList","@id":"https:\/\/www.audreyrochas.com\/missmad\/qui-suis-je\/#breadcrumb","itemListElement":[{"@type":"ListItem","position":1,"name":"Accueil","item":"https:\/\/www.audreyrochas.com\/missmad\/"},{"@type":"ListItem","position":2,"name":"..?"}]},{"@type":"WebSite","@id":"https:\/\/www.audreyrochas.com\/missmad\/#website","url":"https:\/\/www.audreyrochas.com\/missmad\/","name":"Miss Mad","description":"","potentialAction":[{"@type":"SearchAction","target":{"@type":"EntryPoint","urlTemplate":"https:\/\/www.audreyrochas.com\/missmad\/?s={search_term_string}"},"query-input":"required name=search_term_string"}],"inLanguage":"fr-FR"}]}},"_links":{"self":[{"href":"https:\/\/www.audreyrochas.com\/missmad\/wp-json\/wp\/v2\/pages\/4255"}],"collection":[{"href":"https:\/\/www.audreyrochas.com\/missmad\/wp-json\/wp\/v2\/pages"}],"about":[{"href":"https:\/\/www.audreyrochas.com\/missmad\/wp-json\/wp\/v2\/types\/page"}],"author":[{"embeddable":true,"href":"https:\/\/www.audreyrochas.com\/missmad\/wp-json\/wp\/v2\/users\/1"}],"replies":[{"embeddable":true,"href":"https:\/\/www.audreyrochas.com\/missmad\/wp-json\/wp\/v2\/comments?post=4255"}],"version-history":[{"count":4,"href":"https:\/\/www.audreyrochas.com\/missmad\/wp-json\/wp\/v2\/pages\/4255\/revisions"}],"predecessor-version":[{"id":5755,"href":"https:\/\/www.audreyrochas.com\/missmad\/wp-json\/wp\/v2\/pages\/4255\/revisions\/5755"}],"wp:attachment":[{"href":"https:\/\/www.audreyrochas.com\/missmad\/wp-json\/wp\/v2\/media?parent=4255"}],"curies":[{"name":"wp","href":"https:\/\/api.w.org\/{rel}","templated":true}]}}